True
Does 34 divide 834?
False
Does 5 divide 40?
True
Is 226 a multiple of 3?
False
Is 25 a factor of 5552?
False
Is 3916 a multiple of 22?
True
Is 28234 a multiple of 7?
False
Does 138 divide 10902?
True
Is 13 a factor of 1430?
True
Is 15 a factor of 8806?
False
Is 20644 a multiple of 26?
True
Is 164 a factor of 55501?
False
Is 243 a multiple of 7?
False
Does 20 divide 71820?
True
Is 7 a factor of 27643?
True
Is 52 a multiple of 2?
True
Does 20 divide 85?
False
Does 65 divide 1170?
True
Does 23 divide 1096?
False
Does 13 divide 2002?
True
Does 45 divide 765?
True
Is 91 even?
False
Does 57 divide 1710?
True
Does 11 divide 60808?
True
Is 4 a factor of 1371?
False
Is 62 a factor of 2183?
False
Is 21 a factor of 588?
True
Does 29 divide 34046?
True
Does 62 divide 682?
True
Is 276 a multiple of 23?
True
Does 33 divide 27235?
False
Is 18088 a multiple of 8?
True
Is 5 a factor of 4555?
True
Is 33 a factor of 23199?
True
Does 8 divide 619?
False
Is 850 a multiple of 25?
True
Does 51 divide 15860?
False
Is 1170 a multiple of 10?
True
Does 23 divide 6578?
True
Is 12 a factor of 3564?
True
Is 159705 a multiple of 91?
True
Does 222 divide 8333?
False
Is 11604 a multiple of 6?
True
Is 32 a factor of 310?
False
Is 1656 a multiple of 9?
True
Does 10 divide 6138?
False
Does 102 divide 23256?
True
Is 510 a multiple of 6?
True
Is 66 a factor of 2324?
False
Is 26 a factor of 468?
True
Does 11 divide 2394?
False
Is 3870 a multiple of 129?
True
Is 1176 a multiple of 12?
True
Is 19 a factor of 1197?
True
Is 1754 a multiple of 12?
False
Does 7 divide 4648?
True
Is 2244 a multiple of 44?
True
Is 7161 a multiple of 31?
True
Is 22 a factor of 34184?
False
Is 16 a factor of 10272?
True
Is 3645 a multiple of 15?
True
Is 14 a factor of 168?
True
Does 29 divide 49445?
True
Is 15 a factor of 10665?
True
Is 131 a factor of 25807?
True
Is 69 a factor of 83490?
True
Is 2435 a multiple of 55?
False
Is 432 a multiple of 4?
True
Is 11 a factor of 1167?
False
Is 12 a factor of 3876?
True
Is 1574 a multiple of 8?
False
Is 43 a factor of 25327?
True
Is 849 a multiple of 89?
False
Does 8 divide 2512?
True
Does 40 divide 560?
True
Is 2547 a multiple of 10?
False
Is 9625 a multiple of 11?
True
Does 4 divide 7763?
False
Is 43700 a multiple of 76?
True
Is 17313 a multiple of 10?
False
Does 106 divide 61353?
False
Is 7700 a multiple of 19?
False
Is 43 a factor of 946?
True
Is 38792 a multiple of 153?
False
Does 6 divide 1302?
True
Does 42 divide 4599?
False
Is 33635 a multiple of 80?
False
Does 41 divide 652?
False
Is 240 a multiple of 60?
True
Is 43 a factor of 25136?
False
Is 3312 a multiple of 138?
True
Is 3768 a multiple of 3?
True
Does 4 divide 80?
True
Does 13 divide 2242?
False
Is 299 a multiple of 64?
False
Is 4420 a multiple of 34?
True
Is 16 a factor of 960?
True
Is 51 a factor of 13821?
True
Is 80 a factor of 2880?
True
Is 1300 a multiple of 36?
False
Is 3726 a multiple of 54?
True
Is 3608 a multiple of 44?
True
Does 51 divide 423?
False
Is 265 a factor of 40280?
True
Is 14 a factor of 84?
True
Is 47 a factor of 376?
True
Does 54 divide 54?
True
Is 5890 a multiple of 19?
True
Is 28 a factor of 36?
False
Does 22 divide 25017?
False
Does 137 divide 3336?
False
Does 51 divide 561?
True
Does 4 divide 41?
False
Is 4 a factor of 10?
False
Is 7 a factor of 2460?
False
Is 19 a factor of 494?
True
Is 17047 a multiple of 83?
False
Is 11 a factor of 8381?
False
Does 154 divide 6380?
False
Does 57 divide 13333?
False
Is 7 a factor of 6018?
False
Is 17 a factor of 986?
True
Is 4 a factor of 3238?
False
Does 6 divide 324?
True
Is 25 a factor of 7493?
False
Is 523 a multiple of 5?
False
Is 5606 a multiple of 4?
False
Is 64 a multiple of 26?
False
Is 7252 a multiple of 37?
True
Is 22 a factor of 792?
True
Does 6 divide 8820?
True
Is 42552 a multiple of 86?
False
Is 219372 a multiple of 12?
True
Is 4277 a multiple of 22?
False
Is 650 a multiple of 13?
True
Is 126 a multiple of 14?
True
Is 22 a factor of 31533?
False
Is 504 a multiple of 6?
True
Does 24 divide 539?
False
Does 2 divide 199?
False
Does 11 divide 775?
False
Is 19 a factor of 4514?
False
Is 1008 a multiple of 16?
True
Does 9 divide 432?
True
Does 99 divide 41778?
True
Does 61 divide 1499?
False
Is 3933 a multiple of 23?
True
Does 90 divide 3870?
True
Is 20 a factor of 20?
True
Is 58 a factor of 3248?
True
Does 12 divide 408?
True
Is 14 a multiple of 7?
True
Is 18 a factor of 95508?
True
Is 138 a multiple of 34?
False
Is 72 a factor of 7632?
True
Is 660 a multiple of 44?
True
Does 57 divide 2711?
False
Is 2250 a multiple of 9?
True
Is 2400 a multiple of 18?
False
Is 9 a factor of 29475?
True
Is 5564 a multiple of 6?
False
Is 61 a factor of 2501?
True
Is 186847 a multiple of 493?
True
Is 55062 a multiple of 126?
True
Does 15 divide 6270?
True
Does 4 divide 32?
True
Is 9 a factor of 385?
False
Is 56 a factor of 130?
False
Is 75 a factor of 18851?
False
Is 6 a factor of 1017?
False
Is 5 a factor of 1090?
True
Is 3584 a multiple of 56?
True
Is 3103 a multiple of 27?
False
Is 16849 a multiple of 22?
False
Does 5 divide 18715?
True
Is 31 a factor of 10806?
False
Does 77 divide 3542?
True
Does 41 divide 5684?
False
Is 13028 a multiple of 37?
False
Is 15805 a multiple of 29?
True
Does 16 divide 867?
False
Is 43 a factor of 4171?
True
Is 678 a multiple of 28?
False
Is 6810 a multiple of 44?
False
Is 11 a factor of 2301?
False
Is 19 a factor of 7185?
False
Is 14 a factor of 1372?
True
Does 12 divide 34704?
True
Is 21 a factor of 57603?
True
Is 2 a factor of 204?
True
Is 1722 a multiple of 82?
True
Is 50148 a multiple of 205?
False
Is 1337 a multiple of 72?
False
Is 21 a factor of 336?
True
Does 14 divide 1376?
False
Is 5680 a multiple of 16?
True
Is 10 a factor of 17310?
True
Is 3 a factor of 46?
False
Does 27 divide 3834?
True
Is 10 a multiple of 10?
True
Does 30 divide 12352?
False
Is 18 a factor of 4914?
True
Is 12539 a multiple of 9?
False
Is 4 a factor of 308?
True
Is 29148 a multiple of 7?
True
Does 10 divide 940?
True
Does 7 divide 40285?
True
Does 16 divide 166?
False
Is 384 a multiple of 28?
False
Is 235 a factor of 30172?
False
Is 49068 a multiple of 47?
True
Is 620 a multiple of 62?
True
Is 1455 a multiple of 35?
False
Is 39 a factor of 2613?
True
Is 11 a factor of 3311?
True
Does 103 divide 4613?
False
Is 635 a multiple of 22?
False
Is 5 a factor of 4156?
False
Is 2 a factor of 55?
False
Is 23 a factor of 941?
False
Does 12 divide 300?
True
Is 28 a factor of 12628?
True
Is 12 a factor of 15972?
True
Does 11 divide 192?
False
Does 15 divide 210?
True
Is 4230 a multiple of 79?
False
Does 54 divide 4309?
False
Does 81 divide 105?
False
Is 2280 a multiple of 57?
True
Does 73 divide 584?
True
Does 79 divide 31530?
False
Is 26 a factor of 1170?
True
Is 69 a factor of 759?
True
Does 52 divide 1753?
False
Does 3 divide 4653?
True
Is 23 a factor of 598?
True
Does 16 divide 6032?
True
Is 115 a multiple of 9?
False
Is 30 a factor of 4305?
False
Is 8388 a multiple of 9?
True
Is 112177 a multiple of 49?
False
Does 9 divide 1415?
False
Does 35 divide 11052?
False
Is 5588 a multiple of 22?
True
Does 13 divide 375?
False
Is 571 a multiple of 38?
False
Is 147 a multiple of 6?
False
Is 7933 a multiple of 15?
False
Does 39 divide 188?
False
Is 39 a factor of 78?
True
Does 22 divide 21890?
True
Is 13 a factor of 41860?
True
Does 37 divide 1189?
False
Is 3118 a multiple of 37?
False
Is 70 a factor of 2575?
False
Is 151 a factor of 56021?
True
Is 6 a factor of 360?
True
Is 156 a multiple of 13?
True
Is 88 a factor of 12848?
True
Is 17 a factor of 612?
True
Does 6 divide 134?
False
Is 7 a factor of 761?
False
Is 203 a multiple of 20?
False
Is 8046 a multiple of 54?
True
Is 897 a multiple of 12?
False
Does 25 divide 207?
False
Is 840 a multiple of 42?
True
Is 8225 a multiple of 35?
True
Does 62 divide 411?
False
Is 103 a factor of 3914?
True
Is 14016 a multiple of 24?
True
Is 979 a multiple of 11?
True
Does 35 divide 140?
True
Is 4700 a multiple of 47?
True
Does 9 divide 412?
False
Is 63 a factor of 2394?
True
Is 23 a factor of 797?
False
Is 12810 a multiple of 70?
True
Does 24 divide 1449?
False
Is 27 a factor of 560?
False
Is 7 a factor of 17871?
True
Is 33447 a multiple of 50?
False
Is 88 a factor of 62970?
False
Is 18 a factor of 2862?
True
Is 2